t i be 1/4 + 201/12. Suppose 3 = -3*u, -4*r - 2*u + 47 = 3*u. Suppose -i*h = -r*h - 332. What is the units digit of h?
3
Let s(k) = -k**3 + 24*k**2 - 2*k + 52. Let t be s(24). Suppose -4*j - 43 = v - 2*v, -t*j + 11 = v. What is the units digit of v?
7
Let c(q) = 2*q**3 + 183*q**2 + 60*q - 148. What is the hundreds digit of c(-90)?
7
Let l = -127 + 135. Let r(g) = g**2 + 9*g + 44. What is the hundreds digit of r(l)?
1
Suppose 3*f = -4*b + 386, -398 = -3*f - 0*f - b. Suppose -2*r = -n + f, 0 = -5*r + 13 + 7. What is the units digit of n?
2
Suppose -3*i - 7*i + 20 = 0. Let u(l) = -7 + 10*l - i*l - 6 - 1. What is the tens digit of u(5)?
2
Suppose -792 = 2*m + 20*m. Let c = m - -181. What is the units digit of c?
5
Let n(w) = 309*w - 3 - 6 - 365*w + 1. What is the hundreds digit of n(-6)?
3
Suppose 0 = -6*g - 4618 - 3716. Let h = -892 - g. What is the units digit of h?
7
Suppose -23*h - 21 - 2 = 0. What is the hundreds digit of h/(-5) - 3/15 - -534?
5
What is the ten thousands digit of 10010 - 13/(156/(-36))?
1
Suppose 6 = i - 0*i. Suppose i = -7*j + 13. What is the tens digit of 132 - 4 - -1 - (j + 0)?
2
Let k be ((-9)/54)/((-2)/(3*8)). Suppose -p = 4*c - 1702, 0*p + 848 = 2*c + k*p. What is the tens digit of c?
2
Let p = 642 + -816. Let g be -251*(-3 - (-3 - -1)). Let k = p + g. What is the tens digit of k?
7
Let d = -1 + 391. Suppose -d = -268*l + 265*l. What is the units digit of l?
0
Suppose 19*j = -4497 - 4110. What is the hundreds digit of 16 - 11 - (10 + 0) - j?
4
What is the units digit of 10 + (1/(11 + -10) - -2282)?
3
Suppose -13*c + 22 = -16*c - 2*z, -2*c = -5*z + 21. What is the hundreds digit of (c/10)/(53/(-65190))?
9
Let a(x) = -x**3 - 18*x**2 - 19*x - 41. Let s be a(-17). Let y(z) = 6*z**2 + 7*z + 9. What is the hundreds digit of y(s)?
2
Let s = 36 - 86. Let t be 58*3 - (5 - 4). Let i = s + t. What is the hundreds digit of i?
1
Suppose 44*j - 605640 = -67*j + 6*j. What is the tens digit of j?
6
Suppose u - 70 = -3*l, -l = 3*l - 2*u - 80. What is the tens digit of 12/l + (-39645)/(-99)?
0
Let m(y) = 897*y + 915. What is the units digit of m(16)?
7
Let k(y) = 6*y**3 - 21*y**2 + 12*y + 430. What is the ten thousands digit of k(19)?
3
Let v be 87601/136 + (-2)/16. Suppose 2*z - 2*j = -4*j + v, -3*j = -9. Let d = 449 - z. What is the tens digit of d?
3
Let c = 1611 + 481. Suppose 20 = -37*s + 33*s, 4*m + 4*s - c = 0. What is the units digit of m?
8
Suppose 3*p + g + 4505 = 0, 5*g - 8260 + 2266 = 4*p. Let n = -429 - p. What is the units digit of n?
2
Let b(u) = 17*u**2 + 11*u + 12. Let v be b(-1). What is the hundreds digit of (-1)/v*579*18/(-3)?
1
Let x be (-3)/2*(-160)/(-48). Let i(g) = -4*g - 17. Let y be i(x). Suppose -y*u = -227 + 56. What is the tens digit of u?
5
Let z = -2651 - -2953. Let c(v) = -15*v - 1. Let u be c(1). Let w = z + u. What is the hundreds digit of w?
2
Let z = -85 - 343. Let b = 263 - z. What is the tens digit of b?
9
Let r be (-6)/(-9) - (-68)/(-12) - -5. Let g(l) = -6*l + 654. What is the tens digit of g(r)?
5
Let v(j) = 4*j**2 - 77*j + 8. What is the hundreds digit of v(-42)?
2
Suppose 1426 = 2*k - 5*m, -670 = -k - 2*m + 25. What is the tens digit of k?
0
Let h(z) be the third derivative of -z**4/24 + 4*z**3/3 + 2*z**2. Let a = 167 + -160. What is the units digit of h(a)?
1
Let g(d) = -d**2 + 3*d + 26. Let o(p) = -p**2 - 10*p - 2. Let w be o(-9). Let r be g(w). What is the tens digit of (77 - -16)*(-1)/6*r?
3
Suppose 18*v - 17*v - 1424 = 0. Suppose v = -r + 5*r. What is the tens digit of r?
5
Suppose -75 = 3*v + 2*v + b, 2*v + 30 = 2*b. Let k be 414*((-6)/v - 2/(-20)). Let i = k + -94. What is the units digit of i?
3
Let v(o) = o**3 - 8*o**2 + 17*o - 63. Let t = -323 - -331. What is the units digit of v(t)?
3
Let r(p) = p**3 + 40*p**2 - 55*p + 483. What is the ten thousands digit of r(-31)?
1
Let x(r) be the second derivative of 2*r**3/3 - 43*r**2/2 - 11*r. Let t be x(11). What is the tens digit of ((-6)/24)/(t/(-68)*1)?
1
Suppose 44*r = 1427998 + 303446. What is the ten thousands digit of r?
3
Suppose 2*g - 64 = -0*w + 4*w, 101 = 3*g - w. Suppose -5*c = -3*j - g, 0*c - 2*j - 21 = -3*c. Suppose -c*d = -3*d - 160. What is the tens digit of d?
8
Let w(k) = -k**2 - 20*k - 4. Let p be (-25)/(-60)*3 + (-66)/8. What is the tens digit of w(p)?
8
Let n = 29046 - 11193. What is the hundreds digit of n?
8
Let s(m) be the third derivative of m**6/120 + 29*m**5/60 - m**4/3 + 91*m**3/6 + 2*m**2 - 15*m. What is the hundreds digit of s(-29)?
3
Suppose 3*j - 16 = -1. Suppose j*v - 25 = 0, -4*i - 4*v + 275 = -153. What is the hundreds digit of i?
1
Suppose -v + 17124 = 3*i, 11416 = 2*i + 13*v - 12*v. What is the tens digit of i?
0
Let t = -983 + 338. What is the tens digit of (73 + -1)/(-3*10/t)?
4
Suppose 17*m + 12 = 20*m + 3*y, -2*y = -3*m + 7. Let v(b) = 7*b**2 - 7*b + 2. What is the units digit of v(m)?
4
Suppose -3*x = o + 1737, 1012 = -5*x - 4*o - 1890. What is the tens digit of x/(-8) + 15/20?
7
Suppose -4*a + 95*d = 96*d - 77666, d = -6. What is the ten thousands digit of a?
1
Let x = -83 - -107. Let v be 6/((-1)/(-2) - (-4)/x). Suppose -4*l + d = -109, -7*l - 37 = -v*l - 3*d. What is the tens digit of l?
2
Let l = -41 + 45. What is the units digit of (7 - 88/(-56))/(l/126)?
0
Suppose -4*a + 55936 = -2*z, 4*z + 43885 + 12043 = 4*a. What is the thousands digit of a?
3
Let k = 99322 + -66099. What is the thousands digit of k?
3
What is the thousands digit of (102*(-21)/63)/((-4)/766)?
6
Let q(r) = r + 16. Let o(p) = 2*p + 47. Let i(y) = -6*o(y) + 17*q(y). Let z be i(5). Let k = 197 + z. What is the hundreds digit of k?
2
Let j(u) = 274*u - 46. Let q be j(-3). Let k = -562 - q. What is the hundreds digit of k?
3
Suppose 0 = -4*p + 5*w - 68, 43 + 47 = -5*p + 5*w. Let a(f) = f**2 + 9*f - 51. What is the units digit of a(p)?
5
Let m be -52*(-4)/16 + -8. Suppose 23540 = m*g + 17*g. What is the hundreds digit of g?
0
Let s = -54 + 92. Let j = s - 38. Suppose 4*n - 3*n - 120 = j. What is the tens digit of n?
2
Suppose -2*l + 474 = -0*l - 2*h, -3*l = 3*h - 681. Let w = -1209 - -1211. Suppose 0*n = -w*n + l. What is the units digit of n?
6
Let j(l) = -l + 2. Let t be j(-1). Suppose -247 = -t*w + 11. Suppose 104 - w = m. What is the tens digit of m?
1
Suppose 2*u + 3*u + 20 = 0, -4*z - 12 = -u. Let o be (6*z)/(3/16). Let j = o - -201. What is the units digit of j?
3
Let o(k) = k**2 - 15*k + 9. Suppose 5*p - 14 = 4*p. Let c be o(p). Let a = c + 39. What is the units digit of a?
4
Suppose -5*x - 14*t + 11*t + 27 = 0, -5*x - t + 19 = 0. Suppose -2*z = -x*s - 648, 1296 = 4*z - 0*z + 4*s. What is the hundreds digit of z?
3
Let a(y) = 24*y**2 - 113*y + 710. What is the units digit of a(7)?
5
Let b be 14/3 - (-5)/(2 - -13). Suppose -b*v = 2*g - 2266, 5*g - 36*v - 5611 = -35*v. What is the hundreds digit of g?
1
Let i = 1278 + -1865. What is the hundreds digit of (-21)/14*(-2)/(-3) - i?
5
Let c = -1866 + 3163. What is the hundreds digit of c?
2
Suppose 33*z + 15 = 36*z + 3*c, 5*z - 2*c - 60 = 0. What is the hundreds digit of 17115/25 - z/(-25)?
6
Let n(b) be the second derivative of 35*b**4/6 - 7*b**3/6 - 11*b**2/2 - 114*b - 2. What is the units digit of n(-3)?
0
Let y = -252 - -38. Let m = y - -382. What is the hundreds digit of m?
1
Let q = -10 - -77. Let r = q - 62. Suppose r*o - 1165 = -4*z, 5*o - 1312 = 4*z - 187. What is the units digit of o?
9
Suppose 18*z - 22*z + 20 = 0. Suppose -z*u = -2*s + 2455, 3*s - 4*u = 4*s - 1247. What is the tens digit of s?
3
What is the tens digit of ((-6)/(-9))/((-16)/(-176856))?
6
Suppose -135952 = -29*x + 359803. What is the ten thousands digit of x?
1
Let j(s) = s + 45. Let d(b) = 3*b**2 - 5*b + 8. Let l be d(3). Suppose -a - 39 + l = 0. What is the units digit of j(a)?
6
Let l = 27720 - 19106. What is the units digit of l?
4
Let p be ((-126)/(-15))/((-1)/(-255)). What is the units digit of (46/23)/(p/2138 - 1)?
9
Let g be ((-16)/3 - -4)/((-3)/9). What is the units digit of g/((-4)/(-317))*2/2?
7
Suppose 398*s + 111619 - 446273 = 191502. What is the thousands digit of s?
1
Let u(w) = -1475*w - 3414. What is the thousands digit of u(-11)?
2
Let r = -2656 + 3768. Suppose 26*b - 34*b + r = 0. What is the tens digit of b?
3
Let n(w) = 61*w + 3. Let c be n(1). Let d = 35 + c. What is the tens digi